{"id":7393,"date":"2025-05-28T15:24:15","date_gmt":"2025-05-28T13:24:15","guid":{"rendered":"https:\/\/cauxpalace.ch\/?page_id=7393"},"modified":"2025-05-28T17:22:52","modified_gmt":"2025-05-28T15:22:52","slug":"qui-sommes-nous","status":"publish","type":"page","link":"https:\/\/www.cauxpalace.ch\/fr\/qui-sommes-nous\/","title":{"rendered":"Qui sommes nous ?"},"content":{"rendered":"\n<h3 class=\"wp-block-heading\">La Fondation Caux Initiatives et Changement<\/h3>\n\n\n\n<p>Cr\u00e9\u00e9e en 1946, la<a href=\"https:\/\/www.iofc.ch\/\"> Fondation Caux Initiatives et Changement <\/a>organise et coordonne des \u00e9v\u00e9nements internationaux et locaux, des conf\u00e9rences et des formations, et offre des services d&rsquo;accueil pour promouvoir le changement, principalement dans son centre suisse de dialogue, le Caux Palace, qui rassemble une v\u00e9ritable diversit\u00e9 de personnes de tous horizons.<\/p>\n\n\n\n<p>Caux Initiatives et Changement est l&rsquo;organe national suisse et le membre fondateur d&rsquo;<a href=\"https:\/\/www.iofc.ch\/discover-iofc\/our-network\"> Initiatives et Changement International, <\/a>une ONG dot\u00e9e du statut consultatif sp\u00e9cial aupr\u00e8s du Conseil \u00e9conomique et social (ECOSOC) des Nations unies et du statut participatif en tant qu&rsquo;OING aupr\u00e8s du Conseil de l&rsquo;Europe.<\/p>\n\n\n\n<figure class=\"wp-block-image\"><img loading=\"lazy\" decoding=\"async\" width=\"1024\" height=\"378\" src=\"https:\/\/cauxpalace.ch\/wp-content\/uploads\/2024\/02\/29-2-1024x378.png\" alt=\"\" class=\"wp-image-6421\" srcset=\"https:\/\/www.cauxpalace.ch\/wp-content\/uploads\/2024\/02\/29-2-1024x378.png 1024w, https:\/\/www.cauxpalace.ch\/wp-content\/uploads\/2024\/02\/29-2-300x111.png 300w, https:\/\/www.cauxpalace.ch\/wp-content\/uploads\/2024\/02\/29-2-768x284.png 768w, https:\/\/www.cauxpalace.ch\/wp-content\/uploads\/2024\/02\/29-2-1536x568.png 1536w, https:\/\/www.cauxpalace.ch\/wp-content\/uploads\/2024\/02\/29-2.png 1905w\" sizes=\"auto, (max-width: 1024px) 100vw, 1024px\" \/><\/figure>\n\n\n\n<h3 class=\"wp-block-heading\">Notre vision<\/h3>\n\n\n\n<p>Notre vision est celle d&rsquo;un monde juste, pacifique et durable dans lequel les gens agissent avec un sentiment d&rsquo;interd\u00e9pendance et de responsabilit\u00e9 au niveau mondial.<\/p>\n\n\n\n<p>Notre Fondation agit conform\u00e9ment \u00e0 son<a href=\"https:\/\/www.iofc.ch\/discover-iofc\/our-approach\"> approche cl\u00e9 <\/a>, qui consiste \u00e0 apporter un changement mondial par le biais d&rsquo;un changement personnel, et \u00e0 ses valeurs fondamentales de respect absolu de la dignit\u00e9 humaine, de v\u00e9rit\u00e9, de solidarit\u00e9 et d&rsquo;attention \u00e0 tous les niveaux de la vie publique ou personnelle.<\/p>\n\n\n\n<figure class=\"wp-block-image\"><img loading=\"lazy\" decoding=\"async\" width=\"1024\" height=\"372\" src=\"https:\/\/cauxpalace.ch\/wp-content\/uploads\/2024\/02\/2-4-1024x372.png\" alt=\"\" class=\"wp-image-6431\" srcset=\"https:\/\/www.cauxpalace.ch\/wp-content\/uploads\/2024\/02\/2-4-1024x372.png 1024w, https:\/\/www.cauxpalace.ch\/wp-content\/uploads\/2024\/02\/2-4-300x109.png 300w, https:\/\/www.cauxpalace.ch\/wp-content\/uploads\/2024\/02\/2-4-768x279.png 768w, https:\/\/www.cauxpalace.ch\/wp-content\/uploads\/2024\/02\/2-4-1536x559.png 1536w, https:\/\/www.cauxpalace.ch\/wp-content\/uploads\/2024\/02\/2-4.png 1650w\" sizes=\"auto, (max-width: 1024px) 100vw, 1024px\" \/><\/figure>\n\n\n\n<h3 class=\"wp-block-heading\">Notre mission<\/h3>\n\n\n\n<p>Caux Initiatives et Changement a pour objectif d&rsquo;inspirer, d&rsquo;\u00e9quiper et de mettre en relation des individu.e.s, des groupes et des organisations du monde entier dans un espace s\u00fbr afin qu&rsquo;ils et elles s&rsquo;engagent de mani\u00e8re efficace et innovante dans la promotion de la confiance, du leadership \u00e9thique, d&rsquo;un mode de vie durable et de la s\u00e9curit\u00e9 humaine.<\/p>\n\n\n\n<figure class=\"wp-block-image\"><img loading=\"lazy\" decoding=\"async\" width=\"1024\" height=\"378\" src=\"https:\/\/cauxpalace.ch\/wp-content\/uploads\/2024\/01\/Community-3-1024x378.png\" alt=\"\" class=\"wp-image-5462\" srcset=\"https:\/\/www.cauxpalace.ch\/wp-content\/uploads\/2024\/01\/Community-3-1024x378.png 1024w, https:\/\/www.cauxpalace.ch\/wp-content\/uploads\/2024\/01\/Community-3-300x111.png 300w, https:\/\/www.cauxpalace.ch\/wp-content\/uploads\/2024\/01\/Community-3-768x284.png 768w, https:\/\/www.cauxpalace.ch\/wp-content\/uploads\/2024\/01\/Community-3.png 1500w\" sizes=\"auto, (max-width: 1024px) 100vw, 1024px\" \/><\/figure>\n\n\n\n<h3 class=\"wp-block-heading\">Hospitalit\u00e9 pour le changement<\/h3>\n\n\n\n<p>L&rsquo;hospitalit\u00e9 pour le changement est un concept holistique qui allie notre excellence en mati\u00e8re d&rsquo;hospitalit\u00e9 \u00e0 notre expertise en mati\u00e8re de construction de la confiance, de construction de la paix et de leadership \u00e9thique. Caux Initiatives et Changement offre un espace s\u00fbr, sans jugement et sans les distractions de la vie quotidienne, o\u00f9 les gens peuvent parler ouvertement et o\u00f9 la transformation peut se produire.<\/p>\n\n\n\n<p>Surplombant le L\u00e9man, au-dessus de la ville de Montreux, \u00e0 1h20 de Gen\u00e8ve, le Caux Palace et la Villa Maria offrent un cadre inspirant et extraordinaire pour vos r\u00e9unions et ateliers, conf\u00e9rences, \u00e9v\u00e9nements culturels et retraites.<\/p>\n\n\n\n<p>*<a href=\"https:\/\/cauxpalace.ch\/hospitality-for-change\/\"><em><strong>D\u00e9couvrez nos offres d&rsquo;hospitalit\u00e9<\/strong><\/em><\/a><em><strong> et <\/strong><\/em><a href=\"https:\/\/cauxpalace.ch\/facilities\/\"><em><strong>nos installations<\/strong><\/em><\/a>.<\/p>\n\n\n\n<p>*<a href=\"https:\/\/cauxpalace.ch\/history\/\"><em><strong>En savoir plus sur l&rsquo;histoire riche et inspirante du Caux Palace et de la Villa<\/strong><\/em> <em><strong>Maria.<\/strong><\/em><\/a><\/p>\n\n\n\n<p>*<a href=\"https:\/\/cauxpalace.ch\/about-us\/sustainability\/\"><em><strong>D\u00e9couvrez nos efforts en mati\u00e8re de durabilit\u00e9 et nos partenariats pour un avenir durable.<\/strong><\/em><\/a><\/p>\n\n\n\n<p>*<a href=\"https:\/\/www.iofc.ch\/stories\/Ignacio-packer-international-gender-champions-network\"><em><strong>D\u00e9couvrez notre engagement en faveur de l&rsquo;\u00e9galit\u00e9 entre les hommes et les femmes<\/strong><\/em><\/a>.<\/p>\n","protected":false},"excerpt":{"rendered":"<p>La Fondation Caux Initiatives et Changement Cr\u00e9\u00e9e en 1946, la Fondation Caux Initiatives et Changement organise et coordonne des \u00e9v\u00e9nements internationaux et locaux, des conf\u00e9rences et des formations, et offre des services d&rsquo;accueil pour promouvoir le changement, principalement dans son centre suisse de dialogue, le Caux Palace, qui rassemble une v\u00e9ritable diversit\u00e9 de personnes de [&hellip;]<\/p>\n","protected":false},"author":6,"featured_media":0,"parent":0,"menu_order":1,"comment_status":"closed","ping_status":"closed","template":"food-and-catering.php","meta":{"_acf_changed":false,"footnotes":""},"class_list":["post-7393","page","type-page","status-publish","hentry"],"acf":[],"_links":{"self":[{"href":"https:\/\/www.cauxpalace.ch\/fr\/wp-json\/wp\/v2\/pages\/7393","targetHints":{"allow":["GET"]}}],"collection":[{"href":"https:\/\/www.cauxpalace.ch\/fr\/wp-json\/wp\/v2\/pages"}],"about":[{"href":"https:\/\/www.cauxpalace.ch\/fr\/wp-json\/wp\/v2\/types\/page"}],"author":[{"embeddable":true,"href":"https:\/\/www.cauxpalace.ch\/fr\/wp-json\/wp\/v2\/users\/6"}],"replies":[{"embeddable":true,"href":"https:\/\/www.cauxpalace.ch\/fr\/wp-json\/wp\/v2\/comments?post=7393"}],"version-history":[{"count":2,"href":"https:\/\/www.cauxpalace.ch\/fr\/wp-json\/wp\/v2\/pages\/7393\/revisions"}],"predecessor-version":[{"id":7399,"href":"https:\/\/www.cauxpalace.ch\/fr\/wp-json\/wp\/v2\/pages\/7393\/revisions\/7399"}],"wp:attachment":[{"href":"https:\/\/www.cauxpalace.ch\/fr\/wp-json\/wp\/v2\/media?parent=7393"}],"curies":[{"name":"wp","href":"https:\/\/api.w.org\/{rel}","templated":true}]}}

<h3 class="wp-block-heading">La Fondation Caux Initiatives et Changement</h3>



<p>Créée en 1946, la<a href="https://www.iofc.ch/"> Fondation Caux Initiatives et Changement </a>organise et coordonne des événements internationaux et locaux, des conférences et des formations, et offre des services d&rsquo;accueil pour promouvoir le changement, principalement dans son centre suisse de dialogue, le Caux Palace, qui rassemble une véritable diversité de personnes de tous horizons.</p>



<p>Caux Initiatives et Changement est l&rsquo;organe national suisse et le membre fondateur d&rsquo;<a href="https://www.iofc.ch/discover-iofc/our-network"> Initiatives et Changement International, </a>une ONG dotée du statut consultatif spécial auprès du Conseil économique et social (ECOSOC) des Nations unies et du statut participatif en tant qu&rsquo;OING auprès du Conseil de l&rsquo;Europe.</p>



<figure class="wp-block-image"><img loading="lazy" decoding="async" width="1024" height="378" src="https://cauxpalace.ch/wp-content/uploads/2024/02/29-2-1024x378.png" alt="" class="wp-image-6421" srcset="https://www.cauxpalace.ch/wp-content/uploads/2024/02/29-2-1024x378.png 1024w, https://www.cauxpalace.ch/wp-content/uploads/2024/02/29-2-300x111.png 300w, https://www.cauxpalace.ch/wp-content/uploads/2024/02/29-2-768x284.png 768w, https://www.cauxpalace.ch/wp-content/uploads/2024/02/29-2-1536x568.png 1536w, https://www.cauxpalace.ch/wp-content/uploads/2024/02/29-2.png 1905w" sizes="auto, (max-width: 1024px) 100vw, 1024px" /></figure>



<h3 class="wp-block-heading">Notre vision</h3>



<p>Notre vision est celle d&rsquo;un monde juste, pacifique et durable dans lequel les gens agissent avec un sentiment d&rsquo;interdépendance et de responsabilité au niveau mondial.</p>



<p>Notre Fondation agit conformément à son<a href="https://www.iofc.ch/discover-iofc/our-approach"> approche clé </a>, qui consiste à apporter un changement mondial par le biais d&rsquo;un changement personnel, et à ses valeurs fondamentales de respect absolu de la dignité humaine, de vérité, de solidarité et d&rsquo;attention à tous les niveaux de la vie publique ou personnelle.</p>



<figure class="wp-block-image"><img loading="lazy" decoding="async" width="1024" height="372" src="https://cauxpalace.ch/wp-content/uploads/2024/02/2-4-1024x372.png" alt="" class="wp-image-6431" srcset="https://www.cauxpalace.ch/wp-content/uploads/2024/02/2-4-1024x372.png 1024w, https://www.cauxpalace.ch/wp-content/uploads/2024/02/2-4-300x109.png 300w, https://www.cauxpalace.ch/wp-content/uploads/2024/02/2-4-768x279.png 768w, https://www.cauxpalace.ch/wp-content/uploads/2024/02/2-4-1536x559.png 1536w, https://www.cauxpalace.ch/wp-content/uploads/2024/02/2-4.png 1650w" sizes="auto, (max-width: 1024px) 100vw, 1024px" /></figure>



<h3 class="wp-block-heading">Notre mission</h3>



<p>Caux Initiatives et Changement a pour objectif d&rsquo;inspirer, d&rsquo;équiper et de mettre en relation des individu.e.s, des groupes et des organisations du monde entier dans un espace sûr afin qu&rsquo;ils et elles s&rsquo;engagent de manière efficace et innovante dans la promotion de la confiance, du leadership éthique, d&rsquo;un mode de vie durable et de la sécurité humaine.</p>



<figure class="wp-block-image"><img loading="lazy" decoding="async" width="1024" height="378" src="https://cauxpalace.ch/wp-content/uploads/2024/01/Community-3-1024x378.png" alt="" class="wp-image-5462" srcset="https://www.cauxpalace.ch/wp-content/uploads/2024/01/Community-3-1024x378.png 1024w, https://www.cauxpalace.ch/wp-content/uploads/2024/01/Community-3-300x111.png 300w, https://www.cauxpalace.ch/wp-content/uploads/2024/01/Community-3-768x284.png 768w, https://www.cauxpalace.ch/wp-content/uploads/2024/01/Community-3.png 1500w" sizes="auto, (max-width: 1024px) 100vw, 1024px" /></figure>



<h3 class="wp-block-heading">Hospitalité pour le changement</h3>



<p>L&rsquo;hospitalité pour le changement est un concept holistique qui allie notre excellence en matière d&rsquo;hospitalité à notre expertise en matière de construction de la confiance, de construction de la paix et de leadership éthique. Caux Initiatives et Changement offre un espace sûr, sans jugement et sans les distractions de la vie quotidienne, où les gens peuvent parler ouvertement et où la transformation peut se produire.</p>



<p>Surplombant le Léman, au-dessus de la ville de Montreux, à 1h20 de Genève, le Caux Palace et la Villa Maria offrent un cadre inspirant et extraordinaire pour vos réunions et ateliers, conférences, événements culturels et retraites.</p>



<p>*<a href="https://cauxpalace.ch/hospitality-for-change/"><em><strong>Découvrez nos offres d&rsquo;hospitalité</strong></em></a><em><strong> et </strong></em><a href="https://cauxpalace.ch/facilities/"><em><strong>nos installations</strong></em></a>.</p>



<p>*<a href="https://cauxpalace.ch/history/"><em><strong>En savoir plus sur l&rsquo;histoire riche et inspirante du Caux Palace et de la Villa</strong></em> <em><strong>Maria.</strong></em></a></p>



<p>*<a href="https://cauxpalace.ch/about-us/sustainability/"><em><strong>Découvrez nos efforts en matière de durabilité et nos partenariats pour un avenir durable.</strong></em></a></p>



<p>*<a href="https://www.iofc.ch/stories/Ignacio-packer-international-gender-champions-network"><em><strong>Découvrez notre engagement en faveur de l&rsquo;égalité entre les hommes et les femmes</strong></em></a>.</p>

<p>La Fondation Caux Initiatives et Changement Créée en 1946, la Fondation Caux Initiatives et Changement organise et coordonne des événements internationaux et locaux, des conférences et des formations, et offre des services d&rsquo;accueil pour promouvoir le changement, principalement dans son centre suisse de dialogue, le Caux Palace, qui rassemble une véritable diversité de personnes de [&hellip;]</p>
